{"id":2,"date":"2017-01-06T18:47:17","date_gmt":"2017-01-06T18:47:17","guid":{"rendered":"http:\/\/www.refrigeracion-famas.com.ar\/camaras-frigorificas-desverdizado-de-frutas\/?page_id=2"},"modified":"2017-04-26T19:31:31","modified_gmt":"2017-04-26T19:31:31","slug":"quienes_somos","status":"publish","type":"page","link":"https:\/\/www.refrigeracion-famas.com.ar\/camaras-frigorificas-desverdizado-de-frutas\/quienes_somos\/","title":{"rendered":"Empresa"},"content":{"rendered":"<p>Somos una empresa fundada en 1967 con el objetivo de asesorar, proyectar y construir obras frigor\u00edficas y de desverdizado de variada complejidad al servicio de productores, empresas y comercios reconocidos por sus pares. \u00a0Nuestra mayor fuente de contacto con nuestros potenciales nuevos clientes es la recomendaci\u00f3n que realizan los que ya han confiado en nosotros a sus colegas, ya que no participamos en exposiciones y excepcionalmente hacemos publicidad.-<br \/>\nEste es uno de los motivos por el que nuestro objetivo y preocupaci\u00f3n permanente es la total satisfacci\u00f3n del cliente, antes, durante y post ejecuci\u00f3n de la obra.-<\/p>\n<p><strong>FAMAS S.R.L.<\/strong> tiene como pol\u00edtica principal la atenci\u00f3n absolutamente personalizada directamente con los due\u00f1os de nuestra empresa en todas las etapas del proyecto, lo que permite un trato sin intermediarios, una mejor posibilidad de negociaci\u00f3n y asumir la total responsabilidad por la absoluta calidad y eficiencia de su proyecto.-<br \/>\nNuestra experiencia de 40 a\u00f1os en el rubro, nos permite asesorarlo de la mejor forma para la mayor eficiencia de su proyecto, en total comunicaci\u00f3n con usted para intercambiar opiniones a partir de su idea original y luego mejorarla y optimizarla si fuese necesario.-<\/p>\n<p><strong>FAMAS S.R.L.<\/strong> fabrica, provee e instala c\u00e1maras frigor\u00edficas modulares para mantenimiento y para enfriamiento de productos frescos o congelados como frutas, verduras, hortalizas, carnes, pescados, aves, l\u00e1cteos, fiambres, quesos, helados, hielo, flores, Unidades de fr\u00edo industriales y comerciales, Compresores herm\u00e9ticos y semi\u2013herm\u00e9ticos, Unidades individuales y centrales de fr\u00edo, Alto porcentaje de Humedad Relativa Ambiente para los productos frescos que lo requieren, Evaporadores, Condensadores, Tableros El\u00e9ctricos, paneler\u00eda modular en Poliestireno o Poliuretano expandido, en diferentes espesores, para c\u00e1maras frigor\u00edficas, salas de proceso, tabiques divisorios, cielorrasos, Puertas frigor\u00edficas corredizas y de rebatir, Troneras, Cortinas, T\u00faneles Californianos de presi\u00f3n, tradicionales, para enfriamiento r\u00e1pido, T\u00faneles de congelado continuo I.Q.F. Congelado por lecho flu\u00eddo, desde 500 kg\/h para los mas variados productos, en dos secciones de congelaci\u00f3n, Desverdizado a gas o corriente el\u00e9ctrica para C\u00edtricos; Pimientos; Bananas, Sistema base \u2013 Sistema de Humectaci\u00f3n Autom\u00e1tica \u2013 Sistema de Renovaci\u00f3n de Aire Autom\u00e1tico \u2013 Sistema de detecci\u00f3n de CO2 \u2013 Sistema de inyecci\u00f3n autom\u00e1tico de Etileno.-<\/p>\n<p>&nbsp;<\/p>\n","protected":false},"excerpt":{"rendered":"<p>Somos una empresa fundada en 1967 con el objetivo de asesorar, proyectar y construir obras frigor\u00edficas y de desverdizado de<\/p>\n","protected":false},"author":1,"featured_media":0,"parent":0,"menu_order":0,"comment_status":"closed","ping_status":"open","template":"","meta":{"_et_pb_use_builder":"","_et_pb_old_content":""},"_links":{"self":[{"href":"https:\/\/www.refrigeracion-famas.com.ar\/camaras-frigorificas-desverdizado-de-frutas\/wp-json\/wp\/v2\/pages\/2"}],"collection":[{"href":"https:\/\/www.refrigeracion-famas.com.ar\/camaras-frigorificas-desverdizado-de-frutas\/wp-json\/wp\/v2\/pages"}],"about":[{"href":"https:\/\/www.refrigeracion-famas.com.ar\/camaras-frigorificas-desverdizado-de-frutas\/wp-json\/wp\/v2\/types\/page"}],"author":[{"embeddable":true,"href":"https:\/\/www.refrigeracion-famas.com.ar\/camaras-frigorificas-desverdizado-de-frutas\/wp-json\/wp\/v2\/users\/1"}],"replies":[{"embeddable":true,"href":"https:\/\/www.refrigeracion-famas.com.ar\/camaras-frigorificas-desverdizado-de-frutas\/wp-json\/wp\/v2\/comments?post=2"}],"version-history":[{"count":1,"href":"https:\/\/www.refrigeracion-famas.com.ar\/camaras-frigorificas-desverdizado-de-frutas\/wp-json\/wp\/v2\/pages\/2\/revisions"}],"predecessor-version":[{"id":237,"href":"https:\/\/www.refrigeracion-famas.com.ar\/camaras-frigorificas-desverdizado-de-frutas\/wp-json\/wp\/v2\/pages\/2\/revisions\/237"}],"wp:attachment":[{"href":"https:\/\/www.refrigeracion-famas.com.ar\/camaras-frigorificas-desverdizado-de-frutas\/wp-json\/wp\/v2\/media?parent=2"}],"curies":[{"name":"wp","href":"https:\/\/api.w.org\/{rel}","templated":true}]}}